{"id":1976,"date":"2025-01-24T12:27:27","date_gmt":"2025-01-24T10:27:27","guid":{"rendered":"https:\/\/panificadorasomosol.com\/web\/?page_id=1976"},"modified":"2025-01-24T12:28:19","modified_gmt":"2025-01-24T10:28:19","slug":"politica-de-privacidad","status":"publish","type":"page","link":"https:\/\/panificadorasomosol.com\/web\/politica-de-privacidad\/","title":{"rendered":"Pol\u00edtica de Privacidad"},"content":{"rendered":"\n<p class=\"has-white-color has-text-color has-link-color has-medium-font-size wp-elements-3614bb213a7bcdda18bf70a4cb760b95\">En cumplimiento del Reglamento General de Protecci\u00f3n de Datos (UE) 2016\/679 del Parlamento Europeo y<br>del Consejo de 27 de abril de 2016 y la ley org\u00e1nica 3\/2018 de 5 de diciembre de Protecci\u00f3n de Datos<br>Personales y de Garant\u00eda de los Derechos Digitales le informamos que los datos por Vd. proporcionados ser\u00e1n<br>objeto de tratamiento por parte de SOMOSOL SL con CIF B29553781, con domicilio en FUENGIROLA (MALAGA),<br>C.P. 29640, CALLE LEON N\u00ba 1 , con la finalidad de prestarle el servicio solicitado y\/o contratado, realizar la<br>facturaci\u00f3n del mismo.<br>La base legal para el tratamiento de sus datos es la ejecuci\u00f3n del servicio por usted contratado y\/o solicitado.<br>La oferta prospectiva de productos y servicios est\u00e1 basada en el consentimiento que se le solicita, sin que en<br>ning\u00fan caso la retirada de este consentimiento condicione la ejecuci\u00f3n del contrato.<br>Los datos proporcionados se conservar\u00e1n mientras se mantenga la relaci\u00f3n comercial o durante los a\u00f1os<br>necesarios para cumplir con las obligaciones legales. Los datos no se ceder\u00e1n a terceros salvo en los casos en<br>que exista una obligaci\u00f3n legal.<br>Usted tiene derecho a obtener confirmaci\u00f3n sobre si en SOMOSOL SL estamos tratando sus datos personales y<br>por tanto tiene derecho a ejercer sus derechos de acceso, rectificaci\u00f3n, limitaci\u00f3n del tratamiento,<br>portabilidad, oposici\u00f3n al tratamiento y supresi\u00f3n de sus datos mediante escrito dirigido a la direcci\u00f3n postal<br>arriba mencionada o electr\u00f3nica panificadorasomosolsl@gmail.com, adjuntando copia del DNI en ambos casos,<br>as\u00ed como el derecho a presentar una reclamaci\u00f3n ante la Autoridad de Control (aepd.es)<br>Asimismo le solicitamos su autorizaci\u00f3n para ofrecerle productos y servicios relacionados con los solicitados,<br>prestados y\/o comercializados por nuestra entidad y poder de esa forma fidelizarle como cliente<\/p>\n","protected":false},"excerpt":{"rendered":"<p>En cumplimiento del Reglamento General de Protecci\u00f3n de Datos (UE) 2016\/679 del Parlamento Europeo ydel Consejo de 27 de abril de 2016 y la ley org\u00e1nica 3\/2018 de 5 de diciembre de Protecci\u00f3n de DatosPersonales y de Garant\u00eda de los Derechos Digitales le informamos que los datos por Vd. proporcionados ser\u00e1nobjeto de tratamiento por parte&#8230;  <a href=\"https:\/\/panificadorasomosol.com\/web\/politica-de-privacidad\/\" title=\"Read Pol\u00edtica de Privacidad\">Read more &raquo;<\/a><\/p>\n","protected":false},"author":2,"featured_media":0,"parent":0,"menu_order":0,"comment_status":"closed","ping_status":"closed","template":"","meta":{"footnotes":""},"class_list":["post-1976","page","type-page","status-publish","hentry"],"_links":{"self":[{"href":"https:\/\/panificadorasomosol.com\/web\/wp-json\/wp\/v2\/pages\/1976","targetHints":{"allow":["GET"]}}],"collection":[{"href":"https:\/\/panificadorasomosol.com\/web\/wp-json\/wp\/v2\/pages"}],"about":[{"href":"https:\/\/panificadorasomosol.com\/web\/wp-json\/wp\/v2\/types\/page"}],"author":[{"embeddable":true,"href":"https:\/\/panificadorasomosol.com\/web\/wp-json\/wp\/v2\/users\/2"}],"replies":[{"embeddable":true,"href":"https:\/\/panificadorasomosol.com\/web\/wp-json\/wp\/v2\/comments?post=1976"}],"version-history":[{"count":2,"href":"https:\/\/panificadorasomosol.com\/web\/wp-json\/wp\/v2\/pages\/1976\/revisions"}],"predecessor-version":[{"id":1978,"href":"https:\/\/panificadorasomosol.com\/web\/wp-json\/wp\/v2\/pages\/1976\/revisions\/1978"}],"wp:attachment":[{"href":"https:\/\/panificadorasomosol.com\/web\/wp-json\/wp\/v2\/media?parent=1976"}],"curies":[{"name":"wp","href":"https:\/\/api.w.org\/{rel}","templated":true}]}}